greatest common divisor of 48 and 64178.
2
Calculate the greatest common divisor of 836 and 1398784.
4
Calculate the highest common factor of 1054 and 7643081.
527
What is the greatest common factor of 87408981 and 29799?
4257
What is the highest common divisor of 28 and 4357262?
14
Calculate the highest common factor of 120546579 and 219.
219
Calculate the highest common divisor of 597528 and 308052.
1548
What is the greatest common factor of 68800 and 625650?
2150
Calculate the greatest common factor of 118458395 and 44528.
2783
Calculate the greatest common factor of 5957944 and 1292.
76
What is the greatest common factor of 926 and 245002006?
926
What is the highest common divisor of 162469 and 24647?
503
Calculate the highest common factor of 4605136 and 160.
16
Calculate the greatest common divisor of 1804029856 and 32.
32
What is the greatest common factor of 3600 and 285345?
45
Calculate the greatest common factor of 5070 and 1871675.
845
What is the highest common factor of 20096 and 37684396?
628
What is the highest common factor of 340095 and 8505?
105
What is the highest common factor of 18867 and 111?
3
Calculate the greatest common divisor of 411757 and 1309.
17
Calculate the highest common factor of 2463676349 and 23.
23
What is the greatest common divisor of 7704 and 137183202?
1926
Calculate the highest common divisor of 765 and 2818991.
17
What is the greatest common factor of 2173376 and 1276?
116
What is the highest common factor of 10901435 and 505?
505
Calculate the greatest common divisor of 2389386 and 111.
111
Calculate the highest common factor of 345312 and 51.
3
Calculate the greatest common divisor of 14 and 5498619.
7
What is the greatest common factor of 32429248 and 6016?
3008
What is the highest common divisor of 32 and 10778984?
8
What is the greatest common factor of 424992535 and 58?
29
What is the highest common divisor of 164 and 38618?
2
What is the highest common factor of 21882 and 11886?
42
Calculate the greatest common factor of 6770090 and 1550.
310
What is the highest common factor of 30755168 and 96?
32
What is the highest common factor of 883744 and 1888?
32
What is the highest common factor of 466 and 76423301?
233
Calculate the greatest common divisor of 565 and 1733006420.
565
Calculate the highest common divisor of 11696 and 353546.
86
Calculate the highest common factor of 1853507210 and 23.
23
Calculate the greatest common factor of 433592712 and 656.
328
What is the highest common divisor of 1340 and 112470890?
670
Calculate the greatest common divisor of 25140393 and 9.
9
What is the greatest common divisor of 1241027788 and 38?
38
What is the greatest common divisor of 144 and 11767068?
36
What is the greatest common factor of 9515 and 17534242?
1903
Calculate the greatest common factor of 21888 and 102447.
9
What is the highest common factor of 249299 and 1254?
19
Calculate the greatest common factor of 245676 and 50622.
354
Calculate the highest common factor of 15968 and 178594096.
7984
Calculate the highest common divisor of 33642 and 1343811.
1869
What is the highest common divisor of 208 and 6474806?
26
What is the highest common factor of 148371 and 1050927?
411
What is the highest common factor of 339366 and 124206?
978
What is the greatest common factor of 145021373 and 27608?
3451
Calculate the greatest common factor of 638818594 and 502.
502
Calculate the highest common divisor of 531950471 and 4966.
2483
Calculate the greatest common factor of 174522957 and 17052.
4263
Calculate the highest common divisor of 1256150638 and 4892.
2446
Calculate the highest common divisor of 1429 and 18414094.
1429
Calculate the greatest common factor of 336 and 219093.
21
What is the highest common divisor of 379509 and 1586?
13
Calculate the greatest common divisor of 21034 and 18266.
2
Calculate the highest common factor of 7557 and 10212345.
33
Calculate the greatest common divisor of 15 and 2515880.
5
Calculate the highest common factor of 10183 and 90083.
17
Calculate the highest common divisor of 441423079 and 6407.
6407
What is the greatest common divisor of 9306 and 902358?
18
What is the greatest common factor of 345832 and 233520?
1112
What is the greatest common factor of 3132250368 and 384?
384
What is the highest common factor of 259377 and 17174?
31
What is the highest common divisor of 16628412 and 44274?
282
What is the greatest common divisor of 104 and 5192?
8
What is the greatest common divisor of 3532371 and 2793594?
2991
Calculate the highest common factor of 1241 and 7136188.
73
What is the greatest common divisor of 24 and 4135788?
12
Calculate the highest common divisor of 635904 and 3384.
72
What is the greatest common factor of 55398 and 446670?
42
Calculate the greatest common divisor of 1260 and 158619580.
140
What is the greatest common divisor of 16156 and 16262168?
2308
Calculate the highest common factor of 550568 and 16.
8
Calculate the highest common factor of 2944 and 1745746.
46
Calculate the highest common divisor of 2079901 and 95861.
257
Calculate the greatest common factor of 147 and 445235.
7
What is the greatest common factor of 6650 and 1378792?
38
What is the highest common factor of 8 and 3644611928?
8
What is the greatest common factor of 471 and 82695197?
157
Calculate the highest common divisor of 154350 and 6075.
225
Calculate the highest common factor of 9709 and 4601044.
511
Calculate the highest common factor of 6499 and 140.
1
Calculate the greatest common factor of 58576 and 679.
7
Calculate the greatest common divisor of 426 and 2228264.
142
Calculate the highest common divisor of 50614447 and 481.
13
What is the highest common factor of 134 and 71200699?
67
What is the greatest common divisor of 12041413 and 509?
509
Calculate the greatest common factor of 11536 and 2227169.
721
What is the greatest common divisor of 10639 and 47832944?
10639
Calculate the highest common factor of 206141 and 4708587.
2041
Calculate the highest common divisor of 410967240 and 120.
120
What is the highest common factor of 474573 and 876?
219
Calculate the highest common divisor of 665856 and 21376.
128
Calculate the highest common factor of 4384384 and 128.
128
What is the highest common factor of 3857427 and 14?
7
Calculate the highest common divisor of 2608181 and 1.
1
Calculate the greatest common factor of 28088392 and 2238.
746
Calculate the highest common divisor of 31537 and 4495456.
2867
What is the greatest common divisor of 268973504 and 606?
202
Calculate the highest common factor of 433128 and 1632.
24
What is the highest common factor of 990 and 321675310?
110
Calculate the highest common factor of 77350 and 419237.
1547
Calculate the greatest common factor of 121 and 364286593.
121
Calculate the greatest common factor of 4831840 and 115.
115
Calculate the highest common factor of 529842 and 1221153.
699
What is the highest common divisor of 30 and 668573310?
30
Calculate the highest common divisor of 580 and 18403284.
116
Calculate the greatest common factor of 53682 and 80362.
46
Calculate the highest common divisor of 109571 and 1708.
7
Calculate the highest common factor of 11209744 and 28.
28
What is the greatest common factor of 142928128 and 35?
7
What is the highest common factor of 35931460 and 240?
20
Calculate the greatest common factor of 144548752 and 32.
16
Calculate the greatest common factor of 4553916 and 48.
12
What is the highest common divisor of 352 and 13311968?
32
Calculate the highest common factor of 43175736 and 72.
72
What is the highest common factor of 100 and 221180050?
50
Calculate the highest common factor of 195 and 1863705.
15
Calculate the greatest common divisor of 240 and 20967540.
60
What is the highest common divisor of 99803 and 994719?
473
Calculate the highest common factor of 1959 and 17423346.
1959
Calculate the highest common divisor of 1361346 and 4200.
42
Calculate the greatest common divisor of 10219105 and 3.
1
What is the greatest common factor of 36343926 and 730?
146
Calculate the greatest common factor of 2752 and 1084847.
43
Calculate the greatest common divisor of 1376709 and 2562.
183
What is the highest common factor of 30 and 1693330?
10
What is the highest common factor of 16840563 